
7
Let j(s) = -s - 3. Let a be j(-5). Suppose -a*z - 3*z = 0. Suppose -15*u + 18*u - 30 = z. What is the tens digit of u?
1
Let f = -58 + 147. Suppose 4*b + 64 = 3*u + 5*b, -4*b = -3*u + f. What is the tens digit of u?
2
Let r be 132/7*(-13)/(-4)*14. Suppose -2*h + 15*h - r = 0. What is the tens digit of h?
6
Suppose 0 = 2*y - 5*d - 1181 + 371, -3*y = 2*d - 1253. Suppose h + 4*h = y. What is the units digit of h?
3
Let n(l) = l**3 - 6*l**2 + 12*l - 5. Let s be n(4). Suppose 2*f + 4 = 44. Suppose -v + f + s = 0. What is the units digit of v?
1
Suppose 3*g + 5*p = p + 65, 3*p - 15 = -g. Suppose 5*w - 8*w = -g. Suppose -5*s + w*s = 40. What is the tens digit of s?
1
Let o = 14 - -7. Suppose 8*r - 5*r = -2*x - 37, -4*x - 20 = 0. Let n = o + r. What is the units digit of n?
2
Suppose -2*f - 5 = 4*o - 3, -5*f = -5*o - 25. Suppose 94 = 5*w - f*w. What is the units digit of w?
7
Suppose -5*o + 5*b + 110 = 0, -o - 2 = b - 28. Let q(i) = -19*i - 2. Let c be q(-3). Let z = c - o. What is the units digit of z?
1
Suppose -19*j + 1867 = -15765. What is the tens digit of j?
2
Let y(q) = 16*q - 1. Let z = -38 + 43. What is the units digit of y(z)?
9
Suppose -3*j + 4*j = 4*s + 4, -8 = 2*s. Let m be j/(-66) - (-4)/(-22). Suppose h + m*h = 24. What is the units digit of h?
4
Let a = 10 - 1. Let j(z) = 20*z**2 - 7*z + 14. Let f(n) = 7*n**2 - 2*n + 5. Let y(m) = -17*f(m) + 6*j(m). What is the units digit of y(a)?
8
Let l(p) = 195*p - 24. What is the hundreds digit of l(8)?
5
Let a be ((-45)/(-10))/((-1)/(-2)). Let w = a - 7. Suppose k + w = -k, 5*i + k - 354 = 0. What is the units digit of i?
1
Let c = 107 - 84. What is the tens digit of c?
2
Let d be 16/6 - (6/9 - 0). Suppose f - 13 = d. What is the tens digit of f?
1
Suppose -5*q + 3*s + 547 = s, -2*q - 2*s = -216. Suppose 5*n + 114 = 2*j + 44, q = 5*j + 4*n. What is the units digit of j?
5
Suppose 0 = -111*q + 113*q - 796. What is the hundreds digit of q?
3
Suppose 2*b = 43 + 11. Let n = b + -22. Suppose 5*o - o = -5*z + 35, -n*z + 2*o + 65 = 0. What is the tens digit of z?
1
Suppose 4*a - 574 = -3*d, 4*d - 5*a = 328 + 427. Suppose -144*y = -142*y - d. What is the units digit of y?
5
Suppose -933 - 403 = -8*j. What is the hundreds digit of j?
1
Suppose -3*q + 146 + 148 = 0. Suppose -5*h - 285 - 255 = -5*z, z + 4*h = q. Let n = z + -76. What is the units digit of n?
0
Suppose -2745 = -14*s + 419. What is the units digit of s?
6
What is the units digit of 495/(-132)*(1 + 14/(-6))?
5
Let u(z) = 9*z**2 + 7*z - 19. What is the hundreds digit of u(-8)?
5
Suppose 2*f = -3*b - 33, 13 = -3*b + f - 11. What is the units digit of (-300)/b*(-18)/(-15)?
0
Let i(j) be the first derivative of j**3/3 - 7*j**2/2 + 4*j + 6. Let u be i(8). Suppose u - 4 = 4*k. What is the units digit of k?
2
Let s(f) = 4*f**3 - 8*f**2 - 3*f + 25. What is the units digit of s(5)?
0
Suppose 0 = -4*b - y - 2*y + 108, -2*b - 2*y = -56. Let i = 109 + -64. Let v = i - b. What is the units digit of v?
1
Suppose 5 = -4*p - 7. Let y = p + 105. What is the tens digit of y?
0
Suppose -67*h - 4 = -66*h. What is the tens digit of (h - -2)*34/(-4)?
1
What is the tens digit of 3/(-27)*-6*228 - 3?
4
Let u(d) = -d**2 + 6*d + 5. Let k be u(6). Let w(g) = g**3 + 10*g**2. Let s be w(-10). Suppose k*y - 69 + 14 = s. What is the units digit of y?
1
Let a = -15 - -19. Suppose -d = 5*u + 20, -3*d - 1 = -a*u - 17. Suppose d = -3*t + 6*t - 24. What is the units digit of t?
8
Suppose -48 = 22*x - 26*x. What is the tens digit of x?
1
Let d = 453 + -447. What is the units digit of d?
6
Suppose 0 = o + 3*d - 213, 0 = 3*o - 5*o + 5*d + 470. Let s = -161 + o. What is the units digit of s?
4
Let r = 72 + -69. Let n(l) = -l**3 - 3*l**2 + 3*l + 1. Let k be n(-4). Suppose k*w - r*w = 68. What is the tens digit of w?
3
Let f(t) be the first derivative of -4*t - 5 - 3/2*t**2. What is the units digit of f(-5)?
1
Let v = -90 + 87. What is the tens digit of ((-201)/(-2))/v*(1 - 3)?
6
Suppose d = 3*y + 893, -5*y - 2 = -4*y. What is the tens digit of d?
8
Suppose 44372 + 88063 = 45*t. What is the hundreds digit of t?
9
Let a(d) = -d**3 - 13*d**2 + 69*d + 22. Let s be a(-17). Suppose 129 - 4 = s*w. What is the units digit of w?
5
Let n(r) = -r**2 - 3 + 3 - 4*r. Suppose 6*f - 7*f = 3. What is the units digit of n(f)?
3
Let v = -16 + 18. Let f(i) = 26*i**2 + 0 + 2 - v - 3*i - 2. What is the units digit of f(-1)?
7
Let w(q) = 4*q + 21. Let l be w(3). Suppose 0 = -14*h + 201 - l. What is the units digit of h?
2
Let u(n) = 2*n**2 + 15*n + 1. Let x be u(-7). What is the units digit of 6/(-9) - 94/x?
5
Suppose -13*r = -8*r - 35. Suppose -s + r = 2. Suppose y = s*y - 44. What is the units digit of y?
1
Suppose 2*m - o = 4, -4*o + 3*o + 1 = 3*m. What is the tens digit of (-1 - -2) + (m - -22)*1?
2
Suppose 0 = -5*m - 2*t - 1, -5*m + 2*t = -11. Let q(v) = 5*v**2 - 2*v + 1. Let l be q(m). Suppose -o + 5 = l. What is the units digit of o?
1
Let o be 6*(-10)/(-9)*(-48)/(-10). Let p = 98 - o. What is the units digit of p?
6
Suppose 2*j + 8 + 0 = 0. Let i = 7 + j. Let m = i + 5. What is the units digit of m?
8
Let n = 18 + -16. Suppose 2*b + 166 = -5*c, -19 - 36 = n*c - 3*b. Let h = c - -67. What is the tens digit of h?
3
Suppose 5 = 5*a + 5*c, 14 = a + 4*a + 2*c. What is the units digit of -1*(-8 - (a + -6))?
6
Suppose 9*u = 10*u + 10. Let f(g) = g**2 + 7*g + 15. Let v(h) = h**2 + 7*h + 15. Let d(z) = 5*f(z) - 4*v(z). What is the tens digit of d(u)?
4
Let k(v) = -16*v**3 - 36*v**2 + 56*v - 41. Let c(x) = -3*x**3 - 7*x**2 + 11*x - 8. Let t(f) = -11*c(f) + 2*k(f). What is the tens digit of t(3)?
5
Let o(k) = -k**3 - 13*k**2 - 5*k + 17. Suppose -5*u + 3*z - 2*z = 64, -4*u = 5*z + 57. What is the units digit of o(u)?
2
Let h(i) = i - 2. Let w be h(10). Suppose 5*u = -3*f + 151, -246 - 17 = -5*f + 3*u. Suppose -w*m - f = -12*m. What is the tens digit of m?
1
Let a be 7 - 4 - -1*1. Let b be ((-1)/(-2))/((-7)/(-28)). Suppose -a*t + 142 = -b*d, 5*d + 194 = 4*t + 49. What is the units digit of t?
5
Let m = 1462 - 549. What is the tens digit of m?
1
Let b(f) = 5*f**3 + 14*f**2 - 14*f - 12. Let r(a) = -a**3 + 1. Let m(n) = b(n) + 6*r(n). What is the tens digit of m(10)?
5
Let z = 47 + -45. Suppose 4*o = -4*k + 224, -3*k - z*k + 280 = -o. What is the units digit of k?
6
Let t = 357 + -171. What is the tens digit of t?
8
Suppose -2*m = -32 - 26. Suppose 0 = t - 0*t - m. What is the tens digit of t?
2
Let z = 821 + 394. What is the hundreds digit of z/5*2/3?
1
Let o(c) = 9*c**2 - 2*c + 3. Suppose 0 = d - 3 + 1. Let z be o(d). Let i = 55 - z. What is the units digit of i?
0
Suppose 0 = -7*d + 2*d + 2*k + 72, -k = -4. What is the units digit of d?
6
What is the thousands digit of ((-43915)/(-8) - -8) + (-3)/8?
5
Let y be (51/34)/((-3)/(-2)). Let s = -1 - -35. Let w = s + y. What is the units digit of w?
5
Let t(p) = 3*p - p**2 - 2*p - 105*p**3 - 1 + 103*p**3. What is the units digit of t(-2)?
9
Suppose -3*w - 4*s + 12 = -2*w, -3*w + 3*s + 6 = 0. Suppose -w*q + 0 - 4 = 0. Let m = q - -10. What is the units digit of m?
9
Let r = 2630 - 1445. What is the hundreds digit of r?
1
Let g = -1666 + 2434. What is the tens digit of g?
6
Let j = 1446 + 2443. What is the thousands digit of j?
3
Let i(t) = -t**3 - 7*t**2 - 6*t + 2. Let l be i(-6). Let x = l + 66. What is the units digit of x?
8
Suppose -3*r - 8*g + 3*g = -2887, -3*g + 3831 = 4*r. What is the units digit of r?
4
Let w be (-4 - (0 + -3))*(-80 - -3). Let s = 86 - w. What is the units digit of s?
9
Suppose -10 = -14*p + 9*p. What is the tens digit of p/7 + 3*225/63?
1
Suppose 12*a = 34589 - 11453. What is the thousands digit of a?
1
Suppose 0 = -2*h + 297 - 55. Suppose -2*q = -167 - h. What is the hundreds digit of q?
1
Suppose -2*c = -3*c - 17. Let j = 12 + c. Let s(o) = -o - 3. What is the units digit of s(j)?
2
Suppose 200*z = -n + 203*z + 3181, -4*z + 16 = 0. What is the units digit of n?
3
Let r be (-4)/(3/90*-3). Suppose -15*q + r = -14*q. What is the tens digit of q?
4
Let g = 398 + 138. What is the tens digit of g?
3
Let h = 32 + -28. Let v be (h/(-3))/((-12)/18). What is the units digit of (-8)/(-2) + v + -5?
1
Let f = 1887 + -1640. What is the units digit of f?
7
Suppose -x = -5*p - 47 - 18, 0 = 4*x + 3*p - 145. What is the units digit of (-3)/(-8) - (-265